{"id":367,"date":"2019-11-11T02:18:04","date_gmt":"2019-11-11T02:18:04","guid":{"rendered":"https:\/\/demo.casethemes.net\/consultio-digital-marketing\/?page_id=367"},"modified":"2025-01-27T10:46:53","modified_gmt":"2025-01-27T10:46:53","slug":"clientes","status":"publish","type":"page","link":"https:\/\/lurant.co.ao\/?page_id=367","title":{"rendered":"Clientes"},"content":{"rendered":"\t\t<div data-elementor-type=\"wp-page\" data-elementor-id=\"367\" class=\"elementor elementor-367\">\n\t\t\t\t        <section class=\"elementor-section elementor-top-section elementor-element elementor-element-d23e4f0 elementor-section-boxed elementor-section-height-default elementor-section-height-default ct-header-fixed-none ct-row-max-none\" data-id=\"d23e4f0\" data-element_type=\"section\" data-e-type=\"section\">\n            \n                        <div class=\"elementor-container elementor-column-gap-extended \">\n                    <div class=\"elementor-column elementor-col-100 elementor-top-column elementor-element elementor-element-cb9323b\" data-id=\"cb9323b\" data-element_type=\"column\" data-e-type=\"column\">\n        <div class=\"elementor-widget-wrap elementor-element-populated\">\n                    \n        \t\t<div class=\"elementor-element elementor-element-7f58838 elementor-widget elementor-widget-ct_heading\" data-id=\"7f58838\" data-element_type=\"widget\" data-e-type=\"widget\" data-widget_type=\"ct_heading.default\">\n\t\t\t\t<div class=\"elementor-widget-container\">\n\t\t\t\t\t<div id=\"ct_heading-7f58838\" class=\"ct-heading h-align-center sub- ct-heading-left item-st-line-left1\">\r\n\t<div class=\"ct-item--inner\">\r\n        <div class=\"ct-inline-css\"  data-css=\"\r\n            \">\r\n        <\/div>\r\n                <h4 class=\"item--title st-line-left1 case-animate-time\" data-wow-delay=\"ms\">\r\n                        <span class=\"sp-main\">\r\n                                    <i><\/i>\r\n                \r\n                Clientes e Parceiros da Lurant \r\n                \r\n                            <\/span>\r\n                    <\/h4>\r\n    <\/div>\r\n<\/div>\t\t\t\t<\/div>\n\t\t\t\t<\/div>\n\t\t            <\/div>\n        <\/div>\n                    <\/div>\n        <\/section>\n        <div class=\"elementor-element elementor-element-dec6ded e-grid e-con-boxed e-con e-parent\" data-id=\"dec6ded\" data-element_type=\"container\" data-e-type=\"container\">\n\t\t\t\t\t<div class=\"e-con-inner\">\n\t\t\t\t<div class=\"elementor-element elementor-element-da48828 elementor-widget elementor-widget-ct_image\" data-id=\"da48828\" data-element_type=\"widget\" data-e-type=\"widget\" data-widget_type=\"ct_image.default\">\n\t\t\t\t<div class=\"elementor-widget-container\">\n\t\t\t\t\t<div class=\"ct-image-single img-type-img ct-no-effect  \" data-wow-delay=\"ms\">\r\n                        <img decoding=\"async\" width=\"100\" height=\"100\" src=\"https:\/\/lurant.co.ao\/wp-content\/uploads\/2025\/01\/casa_dos_frescos_logo-e1737545531759.jpeg\" class=\"attachment-full\" alt=\"\" \/>            <\/div>\t\t\t\t<\/div>\n\t\t\t\t<\/div>\n\t\t\t\t<div class=\"elementor-element elementor-element-a9d0ebc elementor-widget elementor-widget-ct_image\" data-id=\"a9d0ebc\" data-element_type=\"widget\" data-e-type=\"widget\" data-widget_type=\"ct_image.default\">\n\t\t\t\t<div class=\"elementor-widget-container\">\n\t\t\t\t\t<div class=\"ct-image-single img-type-img ct-no-effect  \" data-wow-delay=\"ms\">\r\n                        <img decoding=\"async\" width=\"100\" height=\"100\" src=\"https:\/\/lurant.co.ao\/wp-content\/uploads\/2025\/01\/transportes_edgar_lda_logo-1-e1737550950588.jpeg\" class=\"attachment-full\" alt=\"\" \/>            <\/div>\t\t\t\t<\/div>\n\t\t\t\t<\/div>\n\t\t\t\t<div class=\"elementor-element elementor-element-5785216 elementor-widget elementor-widget-ct_image\" data-id=\"5785216\" data-element_type=\"widget\" data-e-type=\"widget\" data-widget_type=\"ct_image.default\">\n\t\t\t\t<div class=\"elementor-widget-container\">\n\t\t\t\t\t<div class=\"ct-image-single img-type-img ct-no-effect  \" data-wow-delay=\"ms\">\r\n                        <img decoding=\"async\" width=\"100\" height=\"100\" src=\"https:\/\/lurant.co.ao\/wp-content\/uploads\/2025\/01\/Auto24-logo--e1737550759669.jpeg\" class=\"attachment-full\" alt=\"\" \/>            <\/div>\t\t\t\t<\/div>\n\t\t\t\t<\/div>\n\t\t\t\t<div class=\"elementor-element elementor-element-08f5de1 elementor-widget elementor-widget-ct_image\" data-id=\"08f5de1\" data-element_type=\"widget\" data-e-type=\"widget\" data-widget_type=\"ct_image.default\">\n\t\t\t\t<div class=\"elementor-widget-container\">\n\t\t\t\t\t<div class=\"ct-image-single img-type-img ct-no-effect  \" data-wow-delay=\"ms\">\r\n                        <img loading=\"lazy\" decoding=\"async\" width=\"100\" height=\"100\" src=\"https:\/\/lurant.co.ao\/wp-content\/uploads\/2025\/01\/Paviconstroi.logo_-e1737551317231.jpeg\" class=\"attachment-full\" alt=\"\" \/>            <\/div>\t\t\t\t<\/div>\n\t\t\t\t<\/div>\n\t\t\t\t<div class=\"elementor-element elementor-element-952c03f elementor-widget elementor-widget-ct_image\" data-id=\"952c03f\" data-element_type=\"widget\" data-e-type=\"widget\" data-widget_type=\"ct_image.default\">\n\t\t\t\t<div class=\"elementor-widget-container\">\n\t\t\t\t\t<div class=\"ct-image-single img-type-img ct-no-effect  \" data-wow-delay=\"ms\">\r\n                        <img loading=\"lazy\" decoding=\"async\" width=\"120\" height=\"96\" src=\"https:\/\/lurant.co.ao\/wp-content\/uploads\/2025\/01\/Externato-Pirilampo-logo--e1737551495682.jpeg\" class=\"attachment-full\" alt=\"\" \/>            <\/div>\t\t\t\t<\/div>\n\t\t\t\t<\/div>\n\t\t\t\t<div class=\"elementor-element elementor-element-7d90378 elementor-widget elementor-widget-ct_image\" data-id=\"7d90378\" data-element_type=\"widget\" data-e-type=\"widget\" data-widget_type=\"ct_image.default\">\n\t\t\t\t<div class=\"elementor-widget-container\">\n\t\t\t\t\t<div class=\"ct-image-single img-type-img ct-no-effect  \" data-wow-delay=\"ms\">\r\n                        <img loading=\"lazy\" decoding=\"async\" width=\"100\" height=\"100\" src=\"https:\/\/lurant.co.ao\/wp-content\/uploads\/2025\/01\/Sagranda-esperanca-Farma-logo-e1737551720712.jpeg\" class=\"attachment-full\" alt=\"\" \/>            <\/div>\t\t\t\t<\/div>\n\t\t\t\t<\/div>\n\t\t\t\t\t<\/div>\n\t\t\t\t<\/div>\n\t\t<div class=\"elementor-element elementor-element-68a146b e-grid e-con-boxed e-con e-parent\" data-id=\"68a146b\" data-element_type=\"container\" data-e-type=\"container\">\n\t\t\t\t\t<div class=\"e-con-inner\">\n\t\t\t\t<div class=\"elementor-element elementor-element-33f9896 elementor-widget elementor-widget-ct_image\" data-id=\"33f9896\" data-element_type=\"widget\" data-e-type=\"widget\" data-widget_type=\"ct_image.default\">\n\t\t\t\t<div class=\"elementor-widget-container\">\n\t\t\t\t\t<div class=\"ct-image-single img-type-img ct-no-effect  \" data-wow-delay=\"ms\">\r\n                        <img loading=\"lazy\" decoding=\"async\" width=\"100\" height=\"100\" src=\"https:\/\/lurant.co.ao\/wp-content\/uploads\/2025\/01\/SElogistica-logo-e1737551981761.jpeg\" class=\"attachment-full\" alt=\"\" \/>            <\/div>\t\t\t\t<\/div>\n\t\t\t\t<\/div>\n\t\t\t\t<div class=\"elementor-element elementor-element-ae60183 elementor-widget elementor-widget-ct_image\" data-id=\"ae60183\" data-element_type=\"widget\" data-e-type=\"widget\" data-widget_type=\"ct_image.default\">\n\t\t\t\t<div class=\"elementor-widget-container\">\n\t\t\t\t\t<div class=\"ct-image-single img-type-img ct-no-effect  \" data-wow-delay=\"ms\">\r\n                        <img loading=\"lazy\" decoding=\"async\" width=\"100\" height=\"100\" src=\"https:\/\/lurant.co.ao\/wp-content\/uploads\/2025\/01\/Resurb-Ambiente.-Logo-e1737552763152.jpeg\" class=\"attachment-full\" alt=\"\" \/>            <\/div>\t\t\t\t<\/div>\n\t\t\t\t<\/div>\n\t\t\t\t<div class=\"elementor-element elementor-element-db6b7d1 elementor-widget elementor-widget-ct_image\" data-id=\"db6b7d1\" data-element_type=\"widget\" data-e-type=\"widget\" data-widget_type=\"ct_image.default\">\n\t\t\t\t<div class=\"elementor-widget-container\">\n\t\t\t\t\t<div class=\"ct-image-single img-type-img ct-no-effect  \" data-wow-delay=\"ms\">\r\n                        <img loading=\"lazy\" decoding=\"async\" width=\"100\" height=\"100\" src=\"https:\/\/lurant.co.ao\/wp-content\/uploads\/2025\/01\/Bazz-tradelogo-e1737553152395.png\" class=\"attachment-full\" alt=\"\" \/>            <\/div>\t\t\t\t<\/div>\n\t\t\t\t<\/div>\n\t\t\t\t<div class=\"elementor-element elementor-element-fc5d61d elementor-widget elementor-widget-ct_image\" data-id=\"fc5d61d\" data-element_type=\"widget\" data-e-type=\"widget\" data-widget_type=\"ct_image.default\">\n\t\t\t\t<div class=\"elementor-widget-container\">\n\t\t\t\t\t<div class=\"ct-image-single img-type-img ct-no-effect  \" data-wow-delay=\"ms\">\r\n                        <img loading=\"lazy\" decoding=\"async\" width=\"169\" height=\"94\" src=\"https:\/\/lurant.co.ao\/wp-content\/uploads\/2025\/01\/Distribom-2.png\" class=\"attachment-full\" alt=\"\" \/>            <\/div>\t\t\t\t<\/div>\n\t\t\t\t<\/div>\n\t\t\t\t<div class=\"elementor-element elementor-element-a9e25ef elementor-widget elementor-widget-ct_image\" data-id=\"a9e25ef\" data-element_type=\"widget\" data-e-type=\"widget\" data-widget_type=\"ct_image.default\">\n\t\t\t\t<div class=\"elementor-widget-container\">\n\t\t\t\t\t<div class=\"ct-image-single img-type-img ct-no-effect  \" data-wow-delay=\"ms\">\r\n                        <img loading=\"lazy\" decoding=\"async\" width=\"141\" height=\"100\" src=\"https:\/\/lurant.co.ao\/wp-content\/uploads\/2025\/01\/Obriterra-e1737554579129.png\" class=\"attachment-full\" alt=\"\" \/>            <\/div>\t\t\t\t<\/div>\n\t\t\t\t<\/div>\n\t\t\t\t<div class=\"elementor-element elementor-element-19027a4 elementor-widget elementor-widget-ct_image\" data-id=\"19027a4\" data-element_type=\"widget\" data-e-type=\"widget\" data-widget_type=\"ct_image.default\">\n\t\t\t\t<div class=\"elementor-widget-container\">\n\t\t\t\t\t<div class=\"ct-image-single img-type-img ct-no-effect  \" data-wow-delay=\"ms\">\r\n                        <img loading=\"lazy\" decoding=\"async\" width=\"150\" height=\"150\" src=\"https:\/\/lurant.co.ao\/wp-content\/uploads\/2025\/01\/Melik-angola-e1737555087326.png\" class=\"attachment-full\" alt=\"\" \/>            <\/div>\t\t\t\t<\/div>\n\t\t\t\t<\/div>\n\t\t\t\t\t<\/div>\n\t\t\t\t<\/div>\n\t\t<div class=\"elementor-element elementor-element-cf0350a e-grid e-con-boxed e-con e-parent\" data-id=\"cf0350a\" data-element_type=\"container\" data-e-type=\"container\">\n\t\t\t\t\t<div class=\"e-con-inner\">\n\t\t\t\t<div class=\"elementor-element elementor-element-4d948be elementor-widget elementor-widget-ct_image\" data-id=\"4d948be\" data-element_type=\"widget\" data-e-type=\"widget\" data-widget_type=\"ct_image.default\">\n\t\t\t\t<div class=\"elementor-widget-container\">\n\t\t\t\t\t<div class=\"ct-image-single img-type-img ct-no-effect  \" data-wow-delay=\"ms\">\r\n                        <img loading=\"lazy\" decoding=\"async\" width=\"152\" height=\"70\" src=\"https:\/\/lurant.co.ao\/wp-content\/uploads\/2025\/01\/servport-logo-e1737556658637.jpeg\" class=\"attachment-full\" alt=\"\" \/>            <\/div>\t\t\t\t<\/div>\n\t\t\t\t<\/div>\n\t\t\t\t<div class=\"elementor-element elementor-element-c65fbe3 elementor-widget elementor-widget-ct_image\" data-id=\"c65fbe3\" data-element_type=\"widget\" data-e-type=\"widget\" data-widget_type=\"ct_image.default\">\n\t\t\t\t<div class=\"elementor-widget-container\">\n\t\t\t\t\t<div class=\"ct-image-single img-type-img ct-no-effect  \" data-wow-delay=\"ms\">\r\n                        <img loading=\"lazy\" decoding=\"async\" width=\"150\" height=\"82\" src=\"https:\/\/lurant.co.ao\/wp-content\/uploads\/2025\/01\/Vipaero-e1737557167118.png\" class=\"attachment-full\" alt=\"\" \/>            <\/div>\t\t\t\t<\/div>\n\t\t\t\t<\/div>\n\t\t\t\t<div class=\"elementor-element elementor-element-dbf5f64 elementor-widget elementor-widget-ct_image\" data-id=\"dbf5f64\" data-element_type=\"widget\" data-e-type=\"widget\" data-widget_type=\"ct_image.default\">\n\t\t\t\t<div class=\"elementor-widget-container\">\n\t\t\t\t\t<div class=\"ct-image-single img-type-img ct-no-effect  \" data-wow-delay=\"ms\">\r\n                        <img loading=\"lazy\" decoding=\"async\" width=\"150\" height=\"84\" src=\"https:\/\/lurant.co.ao\/wp-content\/uploads\/2025\/01\/GlobalWines-logo--e1737557354479.jpg\" class=\"attachment-full\" alt=\"\" \/>            <\/div>\t\t\t\t<\/div>\n\t\t\t\t<\/div>\n\t\t\t\t<div class=\"elementor-element elementor-element-dc4c836 elementor-widget elementor-widget-ct_image\" data-id=\"dc4c836\" data-element_type=\"widget\" data-e-type=\"widget\" data-widget_type=\"ct_image.default\">\n\t\t\t\t<div class=\"elementor-widget-container\">\n\t\t\t\t\t<div class=\"ct-image-single img-type-img ct-no-effect  \" data-wow-delay=\"ms\">\r\n                        <img loading=\"lazy\" decoding=\"async\" width=\"125\" height=\"125\" src=\"https:\/\/lurant.co.ao\/wp-content\/uploads\/2025\/01\/S.R.I-logo-e1737557570410.jpeg\" class=\"attachment-full\" alt=\"\" \/>            <\/div>\t\t\t\t<\/div>\n\t\t\t\t<\/div>\n\t\t\t\t<div class=\"elementor-element elementor-element-80e4bb9 elementor-widget elementor-widget-ct_image\" data-id=\"80e4bb9\" data-element_type=\"widget\" data-e-type=\"widget\" data-widget_type=\"ct_image.default\">\n\t\t\t\t<div class=\"elementor-widget-container\">\n\t\t\t\t\t<div class=\"ct-image-single img-type-img ct-no-effect  \" data-wow-delay=\"ms\">\r\n                        <img loading=\"lazy\" decoding=\"async\" width=\"286\" height=\"96\" src=\"https:\/\/lurant.co.ao\/wp-content\/uploads\/2025\/01\/Farmalog-e1737557862193.jpeg\" class=\"attachment-full\" alt=\"\" \/>            <\/div>\t\t\t\t<\/div>\n\t\t\t\t<\/div>\n\t\t\t\t<div class=\"elementor-element elementor-element-6f1575d elementor-widget elementor-widget-ct_image\" data-id=\"6f1575d\" data-element_type=\"widget\" data-e-type=\"widget\" data-widget_type=\"ct_image.default\">\n\t\t\t\t<div class=\"elementor-widget-container\">\n\t\t\t\t\t<div class=\"ct-image-single img-type-img ct-no-effect  \" data-wow-delay=\"ms\">\r\n                        <img loading=\"lazy\" decoding=\"async\" width=\"200\" height=\"66\" src=\"https:\/\/lurant.co.ao\/wp-content\/uploads\/2025\/01\/Imporluz-logo-e1737558217386.png\" class=\"attachment-full\" alt=\"\" \/>            <\/div>\t\t\t\t<\/div>\n\t\t\t\t<\/div>\n\t\t\t\t\t<\/div>\n\t\t\t\t<\/div>\n\t\t<div class=\"elementor-element elementor-element-3bbf312 e-flex e-con-boxed e-con e-parent\" data-id=\"3bbf312\" data-element_type=\"container\" data-e-type=\"container\">\n\t\t\t\t\t<div class=\"e-con-inner\">\n\t\t\t\t<div class=\"elementor-element elementor-element-51af998 elementor-widget elementor-widget-ct_tabs\" data-id=\"51af998\" data-element_type=\"widget\" data-e-type=\"widget\" data-widget_type=\"ct_tabs.default\">\n\t\t\t\t<div class=\"elementor-widget-container\">\n\t\t\t\t\t            <div class=\"ct-tabs ct-tabs--layout1 type-horizontal style1\">\n                <div class=\"ct-tabs-title\">\n                                            <span class=\"ct-tab-title active\" data-target=\"#ct_tabs-51af998-213b469\">\n                                                                                    Porqu\u00ea escolher a Lurant?        \n                        <\/span>\n                                    <\/div>\n\n                <div class=\"ct-tabs-content\">\n                                            <div class=\"ct-tab-content \" id=\"ct_tabs-51af998-213b469\" style=\"display:block;\"><ol><li class=\"p1\"><b>Experi\u00eancia Local: <\/b>Compreendemos as nuances do ambiente empresarial em Angola, garantindo solu\u00e7\u00f5es adaptadas \u00e0s exig\u00eancias locais, baseados nos nossos 27 anos de exist\u00eancia e experi\u00eancia profissional<\/li><li class=\"p1\"><b>Compromisso com a Qualidade: <\/b>Buscamos a excel\u00eancia em todos os aspectos dos nossos servi\u00e7os, garantindo a satisfa\u00e7\u00e3o do cliente;<\/li><li class=\"p1\"><b>Transpar\u00eancia e Integridade: <\/b>Mantemos altos padr\u00f5es \u00e9ticos, fornecendo servi\u00e7os cont\u00e1beis transparentes e confi\u00e1veis.<\/li><\/ol><\/div>\n                                    <\/div>\n            <\/div>\n            \t\t\t\t<\/div>\n\t\t\t\t<\/div>\n\t\t\t\t\t<\/div>\n\t\t\t\t<\/div>\n\t\t\t\t<\/div>\n\t\t","protected":false},"excerpt":{"rendered":"<p>Clientes e Parceiros da Lurant Porqu\u00ea escolher a Lurant? Experi\u00eancia Local: Compreendemos as nuances do ambiente empresarial em Angola, garantindo solu\u00e7\u00f5es adaptadas \u00e0s exig\u00eancias locais, baseados nos nossos 27 anos de exist\u00eancia e experi\u00eancia profissional Compromisso com a Qualidade: Buscamos a excel\u00eancia em todos os aspectos dos nossos servi\u00e7os, garantindo a satisfa\u00e7\u00e3o do cliente; Transpar\u00eancia [&hellip;]<\/p>\n","protected":false},"author":1,"featured_media":0,"parent":0,"menu_order":0,"comment_status":"closed","ping_status":"closed","template":"","meta":{"footnotes":""},"class_list":["post-367","page","type-page","status-publish","hentry"],"_links":{"self":[{"href":"https:\/\/lurant.co.ao\/index.php?rest_route=\/wp\/v2\/pages\/367","targetHints":{"allow":["GET"]}}],"collection":[{"href":"https:\/\/lurant.co.ao\/index.php?rest_route=\/wp\/v2\/pages"}],"about":[{"href":"https:\/\/lurant.co.ao\/index.php?rest_route=\/wp\/v2\/types\/page"}],"author":[{"embeddable":true,"href":"https:\/\/lurant.co.ao\/index.php?rest_route=\/wp\/v2\/users\/1"}],"replies":[{"embeddable":true,"href":"https:\/\/lurant.co.ao\/index.php?rest_route=%2Fwp%2Fv2%2Fcomments&post=367"}],"version-history":[{"count":28,"href":"https:\/\/lurant.co.ao\/index.php?rest_route=\/wp\/v2\/pages\/367\/revisions"}],"predecessor-version":[{"id":7624,"href":"https:\/\/lurant.co.ao\/index.php?rest_route=\/wp\/v2\/pages\/367\/revisions\/7624"}],"wp:attachment":[{"href":"https:\/\/lurant.co.ao\/index.php?rest_route=%2Fwp%2Fv2%2Fmedia&parent=367"}],"curies":[{"name":"wp","href":"https:\/\/api.w.org\/{rel}","templated":true}]}}